
5
Let z(r) = -2*r**3 - 6*r**2 + 3*r + 8. Let u be z(-5). Let a = u + -60. Calculate the remainder when 92 is divided by a.
26
Let y(s) = -s**3 + 27*s**2 + 93*s + 968. What is the remainder when 1833 is divided by y(31)?
6
Suppose 182*j - 155*j = 5913. What is the remainder when 228 is divided by j?
9
Let p(q) = -q**3 - 11*q**2 - 31*q - 11. Let h be p(-7). Suppose 5*v - 13*s = -h*s + 63, 4*s = -3*v + 32. What is the remainder when 40 is divided by v?
4
Let q be (-38 - -39)/((2 - 0) + -1). What is the remainder when -1*(-200 + (q - 3) + -1) is divided by 51?
50
Let k = -2396 + 2489. Calculate the remainder when 365 is divided by k.
86
Let k(c) = c**3 - 3*c**2 + 2*c - 1. Let u(g) = 2*g**2 - 37*g - 38. Let q be u(18). Let v = q - -62. What is the remainder when v is divided by k(3)?
1
Calculate the remainder when 55 + 0*((-92)/(-24))/(-23) is divided by 3.
1
Let k = -52 + 31. Let n(f) = f**3 + 22*f**2 + 17*f - 4. Calculate the remainder when n(k) is divided by 28.
24
Calculate the remainder when ((-2)/((-8)/(-395)))/(19/(-76)) is divided by 23.
4
Suppose -25 = -12*f + 17*f. What is the remainder when (-5)/(2*f/70) is divided by 10?
5
Let f = -144 + 69. Let x = 84 + f. Suppose -131 = -5*h - d + 61, -3*d = x. What is the remainder when h is divided by 12?
3
Suppose 5*l + 136 + 120 = -4*x, -3*l + 4*x = 128. Let h = l + 63. Suppose h*k - 32 = 13*k. Calculate the remainder when 142 is divided by k.
14
Suppose 8*d + 66 = 9*d. What is the remainder when 788/22 - (-12)/d is divided by 112/6 + 19/57?
17
Let f = 62 + 145. What is the remainder when 49 is divided by 4/(-18) + 4186/f?
9
Let h = -8204 + 8261. Calculate the remainder when 2917 is divided by h.
10
Suppose 0 = -21*h + 28*h - 336. Suppose 57 = 3*j - h. Calculate the remainder when 111 is divided by j.
6
Let w(m) = m**2 - 4*m + 13. Let n(i) = i**3 - 4*i**2 - i + 2. Let u be n(4). Calculate the remainder when 3 + (u - (-35 + 2)) is divided by w(5).
16
Let b(h) = 2*h + 69. What is the remainder when 93 is divided by b(7)?
10
Let r(j) = 10*j**2 + 11*j + 45. Let o be r(7). Let p = o - 513. Let i = 63 - 12. What is the remainder when p is divided by i?
48
Let m(g) = 4*g**2 + 3*g + 2. Let h(q) = -q**2 - 11*q + 1. Calculate the remainder when m(-6) is divided by h(-10).
7
Let g(f) = -f**2 - 67*f + 124. Calculate the remainder when g(-35) is divided by 96.
92
Suppose -71*d + 4229 = -13225 - 8319. Calculate the remainder when d is divided by 129.
105
Suppose -203 = 2*p + a, p + 2 + 127 = 5*a. Let i = -51 - p. What is the remainder when i is divided by 7?
4
Suppose -2*t + 10 = 0, 0 = -0*j + 2*j + 3*t - 39. Calculate the remainder when ((-2652)/8)/(-1 - (-4)/16) is divided by j.
10
Let z(x) = 2*x**2 - 22 - x**2 + 15 + 5*x - 7. Let k(m) = m**2 - 4*m + 5. Let j be k(4). Calculate the remainder when z(j) is divided by 10.
6
Suppose 4*l + h - 129 = 0, 4*h = -7*l + 2*l + 153. Suppose 33*o - 4*o + 58 = 0. Let d(w) = 20*w + 49. What is the remainder when l is divided by d(o)?
6
Let k = -27 - -28. Suppose 5*p - 85 - 32 = 2*a, -2*p = -6. Calculate the remainder when (k + -2)*a/6*4 is divided by 11.
1
Let t = -291 + 705. Suppose -7*x - 16*x = -t. Calculate the remainder when 35 is divided by x.
17
Suppose -2*k = 3*y - 118, -4*y - 14*k + 11*k + 156 = 0. Calculate the remainder when y is divided by 37.
5
Suppose -54*z + 57*z - 3*x - 5067 = 0, -3*z + 5065 = -5*x. What is the remainder when z is divided by 16?
10
Let t = -22625 - -22697. Calculate the remainder when 436 is divided by t.
4
What is the remainder when (-25)/(-2) - (5/(-10))/1 is divided by 13?
0
Let c(r) = -2*r**2 + 57*r + 25. Let d be c(25). Let s = d + -181. What is the remainder when 69 is divided by s?
12
Let p(l) be the first derivative of -l**4/4 + 3*l**3 + 7*l**2/2 - 4*l + 16. Let m be p(9). Let c = -49 + m. What is the remainder when 56 is divided by c?
6
Let i = -2819 - -3190. Calculate the remainder when i is divided by 107.
50
Let z(m) = m**3 + 4*m**2 + 9*m - 6. Let i be z(4). Let c = i - 113. Suppose -c = -0*r - r. What is the remainder when r is divided by 23?
22
Let t(h) = -h**3 - 2*h**2 + 5*h - 7. Let o be t(-5). Let f(b) = 818*b - 3192. Let z be f(4). Let x = z - o. What is the remainder when x is divided by 13?
11
Let d = 3 - -14. Suppose 4*b - 75 - 569 = 0. Suppose -6*p + b = -427. Calculate the remainder when p is divided by d.
13
Let b = 88 - 80. Let x be (b/14)/(((-56)/49)/4). Let z = x + 11. Calculate the remainder when 34 is divided by z.
7
Suppose 41*v + 429 = 80*v. Suppose -2*y + y + 4 = 0. Suppose 0 = k - 8 + y. What is the remainder when v is divided by k?
3
Let g = 9121 - 9104. What is the remainder when 254 is divided by g?
16
Suppose 3 = 3*r - r + 5*t, 5*r + 2*t - 39 = 0. Let x = 1 + -4. Calculate the remainder when 1 - x*((-64)/(-12) - -3) is divided by r.
8
Let m = 1030 - 975. Calculate the remainder when 91 is divided by m.
36
Suppose -48*l = -53*l + 2*u + 361, -4*u = -l + 65. Calculate the remainder when 3794 is divided by l.
71
Suppose 0 = 50*x - 375 + 225. Let v = 11 - 5. Let q = -3 + v. What is the remainder when q is divided by x?
0
Suppose 144*s - 172*s = -97133 - 23015. What is the remainder when s is divided by 226?
223
Suppose -78*h - 15*h = 37*h - 203710. Calculate the remainder when h is divided by 15.
7
Let d(p) = -48 - 10*p + 0*p + 244*p**3 - 4*p - 245*p**3 + 4*p**2. What is the remainder when d(-5) is divided by 42?
37
Let v be 154/(1 + -2) + (-1 - 0). Let w = v - -179. Calculate the remainder when w is divided by 14.
10
Let i(z) = -306*z + 12883. Calculate the remainder when 180 is divided by i(42).
25
Suppose -8268 = -126*z + 48*z. What is the remainder when 226 is divided by z?
14
Let d(v) = v**2 - v + 75. Let k(n) = -n**3 + 7*n**2 + 16*n + 22. Let b be k(9). What is the remainder when d(0) is divided by 13 - (-4 + 4/b)?
11
Suppose 0*i + 4 = d - 4*i, -5*d - i + 62 = 0. Suppose -2*h + r = -75, -40 = -4*h + 3*h + 3*r. What is the remainder when h is divided by d?
1
Let m(o) = 7*o + 110. Let t be (1 + 2 + -1)/(28/(-126)). What is the remainder when 135 is divided by m(t)?
41
Suppose 0 = 5*s - 3*h - 6980, 0 = 92*s - 87*s - 4*h - 6975. What is the remainder when s is divided by 155?
4
Let w(g) = 7*g**2 + 110*g + 393. Suppose 2*m - 10 = 0, 0*u + 3*m - 363 = -2*u. What is the remainder when u is divided by w(-5)?
12
Suppose 0 = -4*z - 100 - 260. Calculate the remainder when 39 is divided by (-70)/15*z/21.
19
Suppose -106 = 4*n - 142. Let v(c) = c**3 - 2*c**2 - 41*c + 9. Calculate the remainder when v(n) is divided by 52.
51
Let h(m) = 14*m**2 + 285*m + 141. Calculate the remainder when h(-20) is divided by (-3 - -3)/(-4) + 3.
2
Let s(y) = y**3 + 15*y**2 - 38*y - 24. What is the remainder when s(-17) is divided by 33696/1456 + (-1)/7?
21
Suppose -105*b + 19191 = -7584. Calculate the remainder when b is divided by 25.
5
Calculate the remainder when 1969 is divided by (-68)/(-578) + (-196)/(-68).
1
Suppose 0*m - 198 = -3*m. Suppose -2*h - m = -5*h. Let d = h - 6. What is the remainder when 60 is divided by d?
12
Let o(k) = -37*k - 296. What is the remainder when 126 is divided by o(-10)?
52
Let u = 16 - -10. Suppose -u*w = -w - 500. Calculate the remainder when 93 is divided by w.
13
Suppose -21*x + 1760 = 23*x. What is the remainder when x is divided by 14?
12
Let l = -9 - -5. Suppose 77 = -39*g - 38*g. Calculate the remainder when g - (-55 - 4*l/8) is divided by 27.
25
Suppose -t = -469 - 246. Calculate the remainder when 215 is divided by (32/20)/(26/t).
39
What is the remainder when 3 - (2 - -5) - -126 is divided by 4/7 + (-36)/(-168)*184?
2
Suppose 2*d = -2*d + 5*w + 1104, 5*d + 5*w - 1380 = 0. Suppose -3*m + d = 5*f, 0 = -0*f - f + 3. Calculate the remainder when m is divided by 47.
40
Suppose 12*f - 1518 = 3*f - 57*f. What is the remainder when 938 is divided by f?
18
Let i be ((-7)/2)/(17/(-1190)). Suppose -58*c + i = -53*c. Suppose 304 = 5*a - p + c, 2*p = 0. What is the remainder when a is divided by 9?
6
Let r(c) = 2*c**2 + 26*c - 29. Let y(o) = 3*o - 49. Let j be y(11). Let s be r(j). Suppose s*a + 56 = 68*a. What is the remainder when a is divided by 15?
11
Calculate the remainder when (1 - 3/(-15))*(-4)/((-36)/9465) is divided by 55.
52
Suppose -8 = 2*r, -3*r = -4*g - r + 484. Let k = 1011 - 949. Wha